et q(y) = -3*y - 15. Let l(o) = 3*q(o) + 5*r(o). List the prime factors of l(-9).
31
Suppose -4*l + 5*r - 7 = 0, 3 + 10 = 5*l + r. Suppose -6*u + 193 = -u - 2*n, 3*u + l*n - 119 = 0. List the prime factors of u.
3, 13
Let p(n) be the third derivative of -14*n**2 + 5/6*n**4 + 0*n + 0 + 1/3*n**3. What are the prime factors of p(2)?
2, 3, 7
Let v be (18 + (7 - 4))/(-1). What are the prime factors of 3 - v - (-2)/(1 + 1)?
5
Let a(d) = d**2 - 1. Let w(s) = 4*s**3 - 2*s**2 - s - 2. Let c(l) = -6*a(l) - 2*w(l). List the prime factors of c(-3).
2, 101
Suppose -2*r + 33 = 5*q - 0*r, -r + 24 = 4*q. Let i be 68/3 - 6/(-18). Suppose -123 = -q*a - i. List the prime factors of a.
2, 5
List the prime factors of ((-5)/15)/(3/(-13212)).
2, 367
Suppose 13845 = -222*q + 235*q. What are the prime factors of q?
3, 5, 71
Let m(i) = i**3 + 34*i**2 + 9*i + 40. List the prime factors of m(-33).
2, 13
What are the prime factors of (-3740)/(-6) - -2*(-2)/3?
2, 311
Suppose 4*v = -4*d + 32, 3*v - 4*d - 7 - 3 = 0. Suppose -3*g - v + 3 = 0. Let x = 69 + g. List the prime factors of x.
2, 17
Let f be (-14*(-3)/24)/(1/4). Suppose -f*n + 17*n - 460 = 0. List the prime factors of n.
2, 23
Let m(c) = -c**3 - 4*c**2 + 11*c - 6. Suppose 4*j - j = -4*a - 16, 2*a = 5*j + 44. List the prime factors of m(j).
2, 3
Let j = -7 + 1. Let w be (-70)/(-21)*j/(-4). List the prime factors of 17/(-2 + -2 + w).
17
Suppose -4*k + 6*k - 4443 = -5*u, -4*k + 4*u = -8872. What are the prime factors of k?
7, 317
Let y(t) = 5*t - 6. Let u be y(8). Let n = 5 + u. List the prime factors of n.
3, 13
Suppose 2*j + 5*u - 9199 = 0, 2*u = -3*j + 4*u + 13846. What are the prime factors of j?
2, 1153
Suppose 2*q + 4*y + 420 = 1318, 2*q = -3*y + 900. List the prime factors of q.
3, 151
Let i(f) = 6*f - 11. Let z(r) = -5*r + 11. Let d(q) = 4*i(q) + 5*z(q). Suppose -2*u + 0*u + 3*y + 9 = 0, -1 = -y. List the prime factors of d(u).
5
Suppose -5*j + 5016 = -4*g - 2876, 0 = -j + 5*g + 1570. What are the prime factors of j?
2, 5, 79
Let b(t) = 20*t - 41. List the prime factors of b(6).
79
Suppose l + 26 = g, 0 = -4*l + 5*g - 0*g - 103. Let j = l + 36. What are the prime factors of ((-94)/4)/(j/(-18))?
47
Let n = 16 + -14. Let f be n/(-12) - (-527)/102. Suppose 0 = -f*b - x + 116, 2*b - x = -5*x + 50. List the prime factors of b.
23
Let k be (-4 + 1)*6/(-9). Suppose 66 + 37 = k*q + 3*s, -s = 4*q - 181. List the prime factors of q.
2, 11
Let y be (-6)/(-3) - (-2 - 1). Suppose 2*o - 14 = 2*u, 2*o + 5*u = -20 - 1. Suppose 5*n - o*w = 55 + 59, y*w = n - 32. What are the prime factors of n?
2, 11
Let o(n) = 3*n**3 - 25*n**2 + 17*n + 13. List the prime factors of o(10).
683
Let v = -1714 + 5515. What are the prime factors of v?
3, 7, 181
Suppose f - 9 = -8. What are the prime factors of (f/(-3))/((-1)/213)?
71
Suppose -2*f + 2 + 0 = 0. What are the prime factors of (-9)/27*(0 + -171)/f?
3, 19
Let z(h) = -524*h + 468. What are the prime factors of z(-7)?
2, 11, 47
Let s = -179 + 306. Let j = s + -36. List the prime factors of j.
7, 13
Suppose 0 = -17*p + 20*p - 4614. What are the prime factors of p?
2, 769
Let r be 2 + -1 - (-1 - 0 - 2). Suppose 3*a - 4*a - p = -131, -p = -r*a + 539. List the prime factors of a.
2, 67
Let p(b) = 4*b**2 - b + 1. Let q be p(1). Let k be (-2)/11 + q/22. Suppose k = 5*n - 3*l - 82 - 25, 2*l = 2. List the prime factors of n.
2, 11
Let g(i) be the second derivative of -i**5/20 - i**4/4 + i**3 + 5*i**2/2 + 5*i. Let k be g(-5). Suppose 0 = 3*q + 2*q - k. What are the prime factors of q?
5
What are the prime factors of 1422/2 - (-6)/18*9?
2, 3, 7, 17
Let w(o) = 232*o - 45. What are the prime factors of w(9)?
3, 227
Let n be (-17)/153 - (-1)/9. Suppose n = -2*o - 2*q + 7*q + 44, 0 = -5*o - q + 137. List the prime factors of o.
3
List the prime factors of 10/(100/(-1110))*1*-5.
3, 5, 37
List the prime factors of (565/20)/((-8)/(-128)).
2, 113
Let b(x) = -15*x**2 + x + 4. Let a(y) = 8*y**2 - y - 2. Suppose 20*c - 22*c = 12. Let u(r) = c*b(r) - 11*a(r). List the prime factors of u(4).
2, 5
Let y(k) = 7*k + 1. Let i(h) = -15*h - 2. Let u(x) = -6*i(x) - 13*y(x). List the prime factors of u(-4).
3
Let k(x) = -x**3 + 4*x**2 + 2*x - 10. What are the prime factors of k(-5)?
5, 41
Let p be (3/(-6))/((-2)/(-148)). Let w = 22 + p. Let s = 18 + w. List the prime factors of s.
3
Let z = 79 + 22. Suppose 7*t - z = 221. List the prime factors of t.
2, 23
Let g(d) = -d + 9. Let p be g(7). Let s = -6 + p. What are the prime factors of 2*1/(s/(-62))?
31
Suppose 2*b + 1280 = 2*o, -12*b = o - 10*b - 634. List the prime factors of o.
2, 11, 29
Let k(p) = p + 4. Let t be k(2). Suppose 24 = t*m - 0*m. Let g(l) = -l**3 + 6*l**2 - 4*l + 2. What are the prime factors of g(m)?
2, 3
Let v(f) = -f**2 + 7*f - 6. Let d be v(4). Let i be (-9)/d*(7 + 3). List the prime factors of (-363)/i + (-2)/10.
2, 3
Let v(w) = -w**3 - 10*w**2 - w - 5. Suppose -2*l + 8 + 42 = 0. Suppose -p + 5*d - 5 = -0*d, -2*p - 5*d = l. List the prime factors of v(p).
5
Let j = 190 + -80. Suppose 0 = -r - r + j. Let d = 98 - r. List the prime factors of d.
43
Let o be 2/(-6)*-9 - -1. Suppose 0*u - 84 = -o*u. What are the prime factors of u?
3, 7
Let l(p) = 2*p**2 + 22*p + 9. Let r be l(-10). Let a(j) = j**3 + 9*j**2 - 33*j - 13. What are the prime factors of a(r)?
2, 3
Suppose 5*l = 5, -2*q + 5*q - 4*l = 8. Suppose -2*b + 60 = 4*t + b, 0 = -q*t - 2*b + 60. List the prime factors of t.
3, 5
Let p = 58 + -58. Suppose p = -5*j - 3*y + 802 + 426, -5*j = -4*y - 1256. What are the prime factors of j?
2, 31
Suppose -x - 75 = -23. Let c = 15 - x. What are the prime factors of c?
67
Let y = 790 - 167. What are the prime factors of y?
7, 89
Suppose -z = 5*y + 1668, y + 345 = -0*z - 4*z. What are the prime factors of y/18*-1*(2 - 0)?
37
Suppose 3*s - 4*r - 1063 = 0, 4*r - 6*r + 690 = 2*s. Suppose -5*k + s = -u, 57 = k - u + 4*u. What are the prime factors of k?
3, 23
Suppose c - 458 = -119. List the prime factors of c.
3, 113
Suppose -c - 90 = -7*c. Suppose -c*a = -19*a + 868. What are the prime factors of a?
7, 31
Let z(x) = 554*x**2 - 3*x - 4. List the prime factors of z(1).
547
Let u(z) = -6*z - 19. Let y be u(-18). Let m = -48 + y. What are the prime factors of m?
41
Suppose -8*v - 455 = -13*v. Suppose 4*y - 157 = v. List the prime factors of y.
2, 31
Let a be (-4)/(-10) - (-2844)/90. What are the prime factors of (a/48)/((-2)/(-135))?
3, 5
Let s(q) = 7*q**2 + 6*q - 45. List the prime factors of s(8).
11, 41
Let f = -353 + 1005. List the prime factors of f.
2, 163
Let q(m) = m**3 - 45. Let v be q(0). Let o be v/(-12) + 1/4. Suppose -2*y + 3*y - 55 = -o*t, -y = 5. What are the prime factors of t?
3, 5
Let l(c) = -8*c - 4. Let p(w) = w. Let x(i) = l(i) + 5*p(i). List the prime factors of x(-22).
2, 31
Suppose -2*t = -t - 10. Let u = t - 5. Suppose 4*q - 154 = -u*k, 7*k + q - 151 = 2*k. What are the prime factors of k?
2, 3, 5
Suppose -3*c + 5*w + 13109 = 0, 10*c + w + 17473 = 14*c. What are the prime factors of c?
2, 3, 7, 13
Suppose -4*l + 5*f + 40 = -0*f, -4*l + 28 = -2*f. Suppose 0 = -5*a + 3*a + i - 2, l*i = -a + 21. Let n = 2 + a. List the prime factors of n.
3
Let p be 70/4*132/10. Let n = p - 129. What are the prime factors of n?
2, 3, 17
What are the prime factors of (-1568 - -26)*(1 - 2)?
2, 3, 257
Suppose -923 = -18*b + 1147. Suppose -460 = -5*l - b. List the prime factors of l.
3, 23
Suppose 29*c + 8670 = 39*c. List the prime factors of c.
3, 17
Suppose 4*t - 5*t = -882. Suppose t - 189 = 7*u. What are the prime factors of u?
3, 11
Let h(n) = 5*n + 2. Let x be h(-8). Suppose 4*l = -1 + 5, 2*l = 3*w - 259. Let u = x + w. What are the prime factors of u?
7
Suppose -2*i = -6*i - 44. Suppose -1 = t - 0. Let s = t - i. What are the prime factors of s?
2, 5
Suppose 5*w - 12420 = -7*w. What are the prime factors of w?
3, 5, 23
What are the prime factors of (-7)/(-21) + (1 - 1598/(-3))?
2, 3, 89
Let z = 1857 + -981. What are the prime factors of z?
2, 3, 73
Suppose -p + 8 + 16 = 0. Suppose 5*l = 2*l + p. Suppose 38 + l = 2*y. What are the prime factors of y?
23
Let w(b) = -b**3 - 15*b**2 - 17*b - 34. Let l be w(-14). Suppose 630 = 5*d + 5*u, -3*u + l*u + 370 = 3*d. List the prime factors of d.
5
Let c = 110 + -38. Let z = -51 + c. Suppose z = k + 7. What are the 